 - 37*v**5/60 - v**4/24 + 19*v**3/2 - 2*v**2 - 44. Is d(-26) a prime number?
True
Let c = 228816 - -793981. Is c prime?
True
Suppose -12*t + 8751 = 2751. Let r = t + -241. Is r prime?
False
Suppose -110*q = -100*q + 33890. Let k = q - -22626. Is k prime?
True
Let i(c) = 24*c**2 + 5*c + 13. Let f = 87 + -60. Suppose -9 = 3*x + f. Is i(x) prime?
False
Let z = -46 - -156. Let w = 144 - z. Is w a prime number?
False
Let n = 38 + -36. Suppose 5*v = 2*v + n*s - 665, -v - 227 = 2*s. Let k = -126 - v. Is k a prime number?
True
Suppose 8*j + 16376 = 95584. Is j a composite number?
False
Suppose -3*i = 5*a + 377396 - 4542654, 0 = -2*i - 5*a + 2776847. Is i prime?
True
Let x be (81 - 0)/((-10)/(-100)*10). Suppose -m - x = -332. Is m composite?
False
Let u = -68 + 73. Suppose -16 - 9 = u*q. Is (-8 + (0 - q))*(-37)/3 prime?
True
Let a = 197 - 194. Suppose -3*y - a = 0, h = 3*h + 4*y - 1170. Is h prime?
True
Let q = -1 + 1. Let j = 988 - 443. Suppose -k + 0*k + j = q. Is k composite?
True
Suppose -2*u = -0*q - 2*q + 914, 0 = 2*u + 4*q + 902. Suppose 0*o + 2*c + 190 = -o, -c = -1. Let r = o - u. Is r a prime number?
True
Suppose -2*k - u = 3*u - 460, -5*k = -5*u - 1180. Let q be (196/6 + -2)*(15 - 12). Suppose m = 5*o + q, -o = m - 4*m + k. Is m a prime number?
False
Let v(p) = 548*p**2 + 44*p + 9. Is v(16) composite?
True
Let d be 0/((-5)/(-25) - 8/(-10)). Suppose -5*b + 10 + 5 = d. Is 0 + 250 + 3*1/b a prime number?
True
Suppose 2351 = 2*v - 2*l - 5215, -5*l + 3807 = v. Let w = -10 - -14. Suppose w*i - v = 681. Is i composite?
False
Suppose 3*t + 4*y + 0*y = 699162, -3*y - 18 = 0. Is t a prime number?
False
Let a be (2/(-4))/((-5)/790). Let w = 99 - a. Is (1 + -3 - w)/(36/(-954)) a composite number?
True
Let s(a) = a**3 - 20*a**2 + 65*a - 7. Let d be s(16). Is ((-9)/d*-4)/((-8)/(-3022)) prime?
True
Suppose -4*g = -2*g + 4*j - 18712, -5*j - 9328 = -g. Suppose -3*s - 9*s = -g. Suppose p + 799 = 4*c, 0*p - s = -4*c + 5*p. Is c a prime number?
False
Is (42887/(-2))/(2/(-4)) a prime number?
False
Let p(i) = 15*i**2 - 16*i + 26. Let l be p(2). Let v = l - -197. Is v a composite number?
False
Suppose 4*a - 115004 = 361*b - 366*b, 0 = a - 5*b - 28751. Is a a composite number?
False
Suppose -44*n + 47*n + 2667 = 0. Suppose 5938 + 74 = 3*y. Let g = y + n. Is g prime?
False
Let q(m) = 2*m**2 - 6*m - 11. Let p be q(6). Suppose -16*l + p*l - 18 = 0. Suppose -20 = -0*b + 4*b, 5*n - l*b - 11095 = 0. Is n composite?
True
Let i(s) = -34*s**2 - 39*s**2 + 97*s**2 - 32*s**2 - 2*s**3 - s + 9. Suppose -2*d - 6 = -d. Is i(d) a composite number?
True
Let q(s) = 11651*s**2 + 42*s - 257. Is q(6) composite?
True
Is ((-12422560)/(-64) - -19)/(1/(-2)*-1) a prime number?
False
Suppose 3*p - 7*p - 5*b - 25 = 0, 5*p = -4*b - 20. Suppose -2*t - 15 + 25 = p. Suppose -10024 = -13*a + t*a. Is a composite?
True
Suppose j + 0*o - 7 = 5*o, 3*o - 3 = -3*j. Suppose j*m - 4360 = -2*x, 10893 = 5*m - 12*x + 10*x. Is m a prime number?
True
Suppose 20 = 5*h - 5*i, 5*i = 5*h - 3*h - 5. Suppose -h*y = -3*c + 2896, 4*y = -5*c + 4292 + 547. Is c a composite number?
False
Let l be ((-8)/(-2))/8*(0 - -2). Is (l - 11)/2 + 55 + 47 a prime number?
True
Let q = -157042 - -292301. Is q a composite number?
True
Let h(b) be the second derivative of 2139*b**3/2 - 16*b**2 + 56*b + 1. Is h(1) composite?
True
Is (7809 - (-5 - 0))*28/8 a prime number?
False
Suppose 0*g = -2*g + 3*c - 3, -c = 1. Suppose 1 + 14 = 5*y. Is (-119)/(y/9*g) a composite number?
True
Suppose 2*t = -17*t - 75*t + 23231254. Is t a prime number?
True
Suppose 3*c = 4*x - 7 - 4, 0 = -3*x + 15. Let r = 2555 - 3896. Is 0 + (7 - c - r) a composite number?
True
Suppose 8*m = 3*m + 1755. Suppose -3*p + 4 = -8. Suppose 3*r - x - m = 0, p*r - 409 = -5*x + 78. Is r a composite number?
True
Let w(p) = -2010*p + 290. Let c be w(-31). Suppose -5*v = 5*b - c, -v + b = 3*v - 50055. Is v a prime number?
False
Let j = 3241 - 5652. Let i = -940 - j. Is i a composite number?
False
Let i be (6/18)/(9/432). Suppose i*g = 19*g - 42321. Is g a prime number?
True
Suppose -56967 - 26242 = -7*a. Is a a composite number?
False
Let j(s) = -4804*s + 227. Is j(-8) a composite number?
True
Suppose -3*w + n + 42 = -227, 4*n = 3*w - 266. Suppose -7*y - w = -6. Is (-4)/y*-3 - -674 prime?
True
Let f be (12/(-10))/(42/(-140)) - 2. Suppose -d - 7*j + 164 = -2*j, 0 = -f*d + 5*j + 283. Is d composite?
False
Let a(x) = -2*x**3 - 9*x**2 + 7*x + 12. Let p be a(-5). Suppose w = -p*c + 951, 0 = -w - c + 6*c + 958. Is w composite?
False
Let u(v) = 13 + 43*v**2 + 0 - 36*v**2 - 3*v**3 - 12*v - 15*v**2. Is u(-10) a prime number?
True
Let d = 90 - 86. Suppose -14 - d = 6*t. Is 3050 - (-28)/42*t/2 composite?
False
Let v(f) = f**3 + 6*f**2 - 6*f + 3. Let h be v(-6). Suppose 14*a - 17 - h = 0. Suppose -a*t + 3973 = 465. Is t prime?
True
Let s = 831 - 1873. Let w = 31 + -41. Is (-2)/((-5)/w - (-525)/s) a prime number?
True
Let p = 2254 + -1212. Let j = p - 101. Is j prime?
True
Let w(o) = -202*o + 357. Is w(-107) a prime number?
False
Suppose 0 = z - 5*n - 55422, 2*n - 54226 - 1217 = -z. Is (z/12)/(9/36) a prime number?
False
Suppose -153*h + 281733967 = 139*h + 19*h. Is h a composite number?
False
Suppose 0 = 5*n + 5*a - 1214380, 4*a = -2*n + 10*a + 485768. Is n composite?
True
Let s(z) = z - 9. Let n be s(7). Let f be n + 4 + -1*6. Is (-1267)/f + 5/20 composite?
False
Let d be 8 + (-1 + 0 - 1). Suppose 33*z - 3*i = 30*z + 17322, -4*z = 2*i - 23126. Suppose -551 = -d*h + z. Is h prime?
False
Let x(d) = 9*d**2 - 5*d + 23. Suppose m + 6 = -m. Let i be (81/(-12))/m*-4. Is x(i) a prime number?
True
Is -4 + -13 - -13 - -40581 a composite number?
False
Let n be (1 - (-102)/(-4))/(10/(-500)). Suppose -5157 + n = -2*b. Is b prime?
False
Let b(y) = 1627*y + 46. Let v be b(-4). Let m = 2399 - v. Is m a prime number?
True
Is 60451521/207 + 4/6*1 a prime number?
True
Let i = -29 + 36. Let f be 1/i + 513/133. Suppose -26 = f*d - 534. Is d prime?
True
Let v(l) be the third derivative of -l**6/120 - l**5/15 + l**4 + 19*l**3/6 - 33*l**2 - l. Suppose -5*u = 12 + 38. Is v(u) composite?
False
Suppose 3*r = 5*r - 2, 3*r = -5*o + 298. Let y(u) = -17 + 2 + 0 + 45*u + o*u. Is y(13) a composite number?
True
Let j(z) = 19*z**2 - 22*z + 76. Is j(-45) a composite number?
False
Let f = 1298 - -4889. Is f composite?
True
Is (-5 + (-19566)/15)*5*-1 composite?
False
Let y = 82 + -65. Let s be 7648/y - ((-70)/17 - -4). Let d = 857 - s. Is d a prime number?
False
Let g = 14711 - 9792. Suppose -g = -3*b + 2*f, -8 = -4*f - 24. Is b prime?
True
Suppose 26 = p - 3*s, -2*p + 50 + 2 = 2*s. Let f(a) = a**3 - 26*a**2 + 2. Let w be f(p). Suppose -740 = -w*b + 242. Is b a prime number?
True
Suppose -r = -4*m - 126663, -478*m + 480*m + 633297 = 5*r. Is r a composite number?
True
Suppose 0*g = 4*o - 5*g - 9931, o - 2474 = 3*g. Let d = o - -2638. Is d prime?
False
Let w be 12/24 + 1/2. Let o(v) = 6814*v**2 + v - 1. Let r be o(w). Suppose 11721 = 11*d - r. Is d prime?
False
Let m(w) = -w**2 + 22*w + 1. Let n(b) = -b**3 + 9*b**2 - 2*b + 27. Let k(d) = d**3 - 9*d**2 - 26. Let r(t) = -6*k(t) - 7*n(t). Let z be r(8). Is m(z) composite?
True
Let k be 2/3*(-3)/(-2)*-5. Is (-4895)/k + (2 - 2) prime?
False
Is ((-63960919)/(-1496))/((10/(-16))/(-5)) a composite number?
False
Suppose -n + 22 = 18. Suppose -3*s - 2*x - 421 = -8*s, -3*x - 334 = -n*s. Is s a prime number?
False
Suppose 48*o + 10364 = 50*o. Let h = o - 2611. Is h prime?
False
Is (-10212)/(-28) + ((-4)/(-7))/2 composite?
True
Suppose -6*y = -8*y - 8. Is (932 + 6)*(-14)/y - -4 a composite number?
True
Let h be (-1 + (-39)/5)*-95. Let w = 5437 - h. Is w a prime number?
False
Suppose -143*l + 318615 = -7756738. Is l composite?
True
Let u(c) = 225*c**3 - 6*c**2 + 26*c - 20. Is u(9) composite?
False
Is (-4844014)/34*10/(-14) prime?
False
Let r(n) = 4*n**2 + n - 5. Let t(k) = -39*k**2 - 9*k - 3. Let q(p) = -2*r(p) - t(p). Let c be (0 - (-1 - 0)) + -7. Is q(c) a prime number?
True
Let r be (-14)/63 - (-2)/9. Let h(g) = 2*g**3 - 27*g**2 - 12*g - 29. Let u be h(14). Is (u + r)/((-2)/212) composite?
True
Let t(b) = 14*b**3 - 3*b**2 - 5*b + 4. Let h be t(5). Let s = h - 917. Is s a composite number?
True
Let s = 6162 - 5621. Suppose 6*i - 1014 = 3*i. Let a = s - i. Is a prime?
False
Let l = 2642 + 